ed by 28222?
63
What is the remainder when 435295 is divided by 39?
16
Calculate the remainder when 29009 is divided by 6955.
1189
Calculate the remainder when 525688 is divided by 60.
28
What is the remainder when 2611872 is divided by 108828?
0
Calculate the remainder when 3262479 is divided by 137.
98
What is the remainder when 5456976 is divided by 1851?
228
What is the remainder when 51448 is divided by 392?
96
What is the remainder when 566971 is divided by 566966?
5
Calculate the remainder when 2470109 is divided by 823339.
92
Calculate the remainder when 10086990 is divided by 5686.
26
Calculate the remainder when 11747062 is divided by 196.
194
What is the remainder when 4036584 is divided by 78?
6
Calculate the remainder when 94205 is divided by 5995.
4280
What is the remainder when 585459 is divided by 1578?
21
Calculate the remainder when 1758004 is divided by 2854.
2794
What is the remainder when 1510250 is divided by 222?
206
What is the remainder when 9661970 is divided by 2415471?
86
What is the remainder when 81258574 is divided by 58?
52
What is the remainder when 44887623 is divided by 14?
11
What is the remainder when 76638289 is divided by 31?
27
Calculate the remainder when 930260 is divided by 808.
252
What is the remainder when 3293863 is divided by 6?
1
Calculate the remainder when 72621 is divided by 437.
79
What is the remainder when 3415138 is divided by 2167?
2113
What is the remainder when 34959079 is divided by 79?
78
Calculate the remainder when 10739103 is divided by 261.
258
Calculate the remainder when 13196989 is divided by 10.
9
Calculate the remainder when 2969733 is divided by 264.
261
Calculate the remainder when 5389483 is divided by 13.
8
What is the remainder when 199072642 is divided by 11?
10
Calculate the remainder when 71180 is divided by 5372.
1344
What is the remainder when 427331 is divided by 70811?
2465
Calculate the remainder when 287183 is divided by 303.
242
Calculate the remainder when 18089 is divided by 5277.
2258
Calculate the remainder when 129122 is divided by 62691.
3740
Calculate the remainder when 36823 is divided by 2178.
1975
Calculate the remainder when 2407227 is divided by 6705.
132
What is the remainder when 1790138 is divided by 45?
38
What is the remainder when 279541069 is divided by 16?
13
Calculate the remainder when 44575 is divided by 56.
55
Calculate the remainder when 26471 is divided by 5293.
6
What is the remainder when 11182918 is divided by 21672?
166
What is the remainder when 775562 is divided by 572?
502
Calculate the remainder when 1621633 is divided by 1386.
13
What is the remainder when 286514 is divided by 31827?
71
Calculate the remainder when 43096821 is divided by 1086.
1083
What is the remainder when 763536 is divided by 1800?
336
Calculate the remainder when 50096338 is divided by 914.
912
What is the remainder when 11204187 is divided by 5925?
12
Calculate the remainder when 41102 is divided by 3365.
722
What is the remainder when 3539664 is divided by 3539651?
13
What is the remainder when 5115751 is divided by 63?
25
Calculate the remainder when 533097 is divided by 135.
117
Calculate the remainder when 151320960 is divided by 166.
8
What is the remainder when 6088318 is divided by 1359?
1357
What is the remainder when 450527 is divided by 1341?
1292
What is the remainder when 9084545 is divided by 547?
516
Calculate the remainder when 10524 is divided by 1322.
1270
Calculate the remainder when 732881 is divided by 244175.
356
Calculate the remainder when 799986 is divided by 804.
6
What is the remainder when 10845916 is divided by 183829?
5
What is the remainder when 10527198 is divided by 5261?
5198
What is the remainder when 25781847 is divided by 1175?
1172
Calculate the remainder when 399222 is divided by 276.
126
What is the remainder when 86579577 is divided by 1091?
1090
Calculate the remainder when 555657 is divided by 3462.
1737
Calculate the remainder when 34487 is divided by 2802.
863
What is the remainder when 1101932 is divided by 332?
24
What is the remainder when 616189 is divided by 294?
259
Calculate the remainder when 329381 is divided by 2346.
941
Calculate the remainder when 215579 is divided by 9369.
92
Calculate the remainder when 16990243 is divided by 2831702.
31
Calculate the remainder when 8876 is divided by 7845.
1031
What is the remainder when 3203718 is divided by 13?
11
Calculate the remainder when 5716211 is divided by 543.
50
Calculate the remainder when 454458 is divided by 1238.
112
Calculate the remainder when 4083620 is divided by 34.
16
What is the remainder when 850765 is divided by 1437?
61
Calculate the remainder when 12073252 is divided by 6036602.
48
What is the remainder when 94741 is divided by 934?
407
What is the remainder when 407640411 is divided by 9721?
9718
What is the remainder when 672377 is divided by 287?
223
Calculate the remainder when 46828328 is divided by 2076.
2072
Calculate the remainder when 33034 is divided by 16173.
688
What is the remainder when 8453642 is divided by 1408935?
32
Calculate the remainder when 2433196 is divided by 14.
10
What is the remainder when 354138 is divided by 117972?
222
What is the remainder when 11038037 is divided by 480?
437
What is the remainder when 1335912 is divided by 418?
402
Calculate the remainder when 1608185 is divided by 1147.
91
Calculate the remainder when 12475831 is divided by 2838.
2821
Calculate the remainder when 609322 is divided by 2630.
1792
What is the remainder when 180461 is divided by 20050?
11
What is the remainder when 1539702 is divided by 4374?
54
What is the remainder when 79078937 is divided by 91?
28
Calculate the remainder when 1665264 is divided by 7086.
54
Calculate the remainder when 12945 is divided by 6466.
13
What is the remainder when 566824 is divided by 1692?
4
Calculate the remainder when 298110 is divided by 3009.
219
What is the remainder when 259328859 is divided by 4690?
4689
What is the remainder when 2694178 is divided by 22640?
18
Calculate the remainder when 2357567 is divided by 71441.
14
What is the remainder when 284904039 is divided by 131?
130
What is the remainder when 91044948 is divided by 29?
28
What is the remainder when 48389 is divided by 24078?
233
Calculate the remainder when 915200 is divided by 15853.
11579
Calculate the remainder when 6296 is divided by 3159.
3137
Calculate the remainder when 3265340 is divided by 1088443.
11
Calculate the remainder when 3661059 is divided by 708.
699
Calculate the remainder when 411447467 is divided by 1369.
1362
Calculate the remainder when 1027193 is divided by 283.
186
What is the remainder when 382272 is divided by 95176?
1568
What is the remainder when 112060291 is divided by 4002153?
7
Calculate the remainder when 897905 is divided by 229.
225
What is the remainder when 65652 is divided by 1313?
2
Calculate the remainder when 4957080 is divided by 1652357.
9
What is the remainder when 6666 is divided by 1528?
554
What is the remainder when 9602340 is divided by 294?
6
Calculate the remainder when 510036343 is divided by 441.
439
Calculate the remainder when 91359749 is divided by 55336.
13
Calculate the remainder when 60443 is divided by 123.
50
What is the remainder when 15502543 is divided by 3875630?
23
Calculate the remainder when 906038 is divided by 3839.
34
Calculate the remainder when 958610 is divided by 19161.
560
Calculate the remainder when 347483 is divided by 1073.
904
Calculate the remainder when 130667 is divided by 32161.
2023
What is the remainder when 3240357 is divided by 56848?
21
What is the remainder when 14321467 is divided by 1823?
1802
Calculate the remainder when 1001425677 is divided by 6480.
6477
What is the remainder when 78930198 is divided by 8?
6
Calculate the remainder when 172980 is divided by 1247.
894
What is the remainder when 4028145 is divided by 310?
5
Calculate the remainder when 1504164 is divided by 459.
21
What is the remainder when 29192 is divided by 2657?
2622
Calculate the remainder when 17078899 is divided by 169098.
1
What is the remainder when 186865 is divided by 2179?
1650
What is the remainder when 3096467 is divided by 480?
467
What is the remainder when 375670033 is divided by 83?
81
Wh